by 23?
20
Suppose 3*y + 50 = -91. Let f = 62 + y. Suppose f*q = 7*q + 32. What is the remainder when 4 is divided by q?
0
Let j(f) = 3*f - 2. Let t be j(-7). Let q = t - -44. Suppose 5*i + 6 = o, -4*o + 5*i = -12 - 27. What is the remainder when q is divided by o?
10
Suppose -183*j + 113784 = 308*j - 60*j. What is the remainder when 780 is divided by j?
252
Let p = 155 - 83. Suppose -5 = h, 28 = 3*z - 5*h - 30. Let j(m) = -m**3 + 12*m**2 - 9*m - 3. What is the remainder when p is divided by j(z)?
15
Let p(w) = w**3 + 35*w**2 - 3*w. Let l = 456 + -491. Calculate the remainder when p(l) is divided by 29.
18
Suppose 3*w - 22 = w. Let c be 1*1/(-2)*2/(-1). What is the remainder when (-2550)/(-40) - c/(-4) is divided by w?
9
Suppose 3*p = -5*s + 1991 + 14085, 0 = 5*s + 25. Calculate the remainder when p is divided by 59.
57
Calculate the remainder when 1082 is divided by (0 + (-648)/48)/(3/(-18)).
29
Suppose -3*j - 19 = -p, -106*j + 101*j - 11 = -p. What is the remainder when 116 is divided by p?
23
Let t(m) = 7*m**2 + 2*m - 9. Let l be t(-5). Let n = -105 + l. Suppose 3*f + 62 = 4*u + 5*f, 0 = 3*u + 3*f - n. Calculate the remainder when u is divided by 4.
2
Suppose -23*a + 19*a = 5*x - 13, 1 = -x - 2*a. Calculate the remainder when 541 is divided by x.
1
Let i = -4813 - -7111. What is the remainder when i is divided by 144?
138
Suppose 5*p - 1163 - 842 = 0. Let d = p + -237. What is the remainder when d is divided by 10/(-4)*(2 + -8)?
14
What is the remainder when (-837)/(-744)*8 - (-3)/(6/248) is divided by 3/((-9)/6) + 71?
64
Let n = -8599 + 8766. Calculate the remainder when 218 is divided by n.
51
Let x(k) = -k**3 - 9*k**2 + 9*k + 4. Let u = 17 + -27. Let r be x(u). Calculate the remainder when 17 is divided by (r - 20)/((-3)/5).
7
Suppose -2*q - 4*f = -692, 25*q = 20*q - 4*f + 1688. Calculate the remainder when q is divided by 328.
4
Suppose 2*y - 5*d - 377 = 0, -20*y - 3*d = -25*y + 990. Calculate the remainder when 375 is divided by y.
174
Suppose 0*j = -32*j - 32. Suppose -5*s - 40 = 4*k - 0*k, -3*s = 3*k + 27. What is the remainder when (s/(-6)*-78)/(j + 0) is divided by 29?
23
Let s = 448 + -444. Calculate the remainder when (195/(-9))/(s + (-65)/15) is divided by 18.
11
Let m = 478 + -450. What is the remainder when 900/14 - 8/m is divided by 3?
1
Let g(v) = -v**3 - 3*v - 17. Let a be g(0). Let k = 26 - a. What is the remainder when 143 is divided by k?
14
Let v = -3193 - -3403. What is the remainder when v is divided by 156?
54
Let s(d) = -d**3 - 33*d**2 - 240*d - 16. Calculate the remainder when s(-24) is divided by 92.
8
Let w be 1 + 24/6 + -144. Let d = w - -403. Calculate the remainder when d is divided by 45.
39
Let b(q) be the third derivative of -11*q**4/8 - 59*q**3/6 - 36*q**2. Suppose 3*d = d + 70. Calculate the remainder when b(-6) is divided by d.
34
Let z = -1482 + 1559. Calculate the remainder when z is divided by (-2*2/(-12))/(47/3948).
21
Let v(w) = w**3 + 3*w**2 - 13*w + 7. Let n = 15 - -133. Let o = -66 + n. What is the remainder when o is divided by v(-5)?
16
Suppose 0 = -5*z - 14 + 19. Let t be (2/(-4))/(z/(-6)). Suppose 3 = -t*y, 3*h - 2*y - 86 = 3*y. Calculate the remainder when 50 is divided by h.
23
Let y(c) = -143*c + 999. What is the remainder when y(6) is divided by 17?
5
Let z(c) = -c**2 + 29*c - 7. Let l be z(24). Let t = 267 - l. Calculate the remainder when t is divided by 13.
11
Suppose -3*b = -6*b + 9. Suppose -5*p - 2*m + m = -193, -p + b*m = -29. Let l = -8 - -18. What is the remainder when p is divided by l?
8
Let k(j) = 102*j + 3948. Calculate the remainder when 449 is divided by k(-38).
17
Let z be -15*(-2 + 4 - (1 + 2)). Suppose -16*k + z*k + 6 = 0. What is the remainder when 37 is divided by k?
1
Let y be (-8)/(-6)*507/26. Let h = 27 - y. What is the remainder when (1 + -2)/(h/(-14)) is divided by 8?
6
Calculate the remainder when (-309436)/(-32) + (-1246)/(-112) + -11 is divided by 93.
91
Suppose 66726 = 139*v + 23358. Calculate the remainder when v is divided by 59.
17
Let x = -4306 - -4431. What is the remainder when x is divided by 94?
31
Let d = -4702 - -4711. What is the remainder when 1769 is divided by d?
5
Suppose 191*q + 66 = 188*q. Let p(h) = -8*h - 156. Calculate the remainder when p(q) is divided by 11.
9
Suppose j + 27 + 35 = 0. Let m = j + 26. Let y = 84 + m. What is the remainder when y is divided by 17?
14
Let l = -15432 + 15448. What is the remainder when 3802 is divided by l?
10
Suppose 12*q + 1215 = 5*f + 15*q, 3*f + 4*q = 729. What is the remainder when f is divided by (1 + (-95)/(-3))*3/2?
47
Let b(n) = -17*n**3 - 4*n**2 - 301*n - 1482. Calculate the remainder when b(-5) is divided by 90.
68
Let h = 43 - 38. Suppose 3*q - h*l = 41, -2*l - 3 = l. Suppose -2*j = -2*p - q, -3*j - p = -0*p - 38. What is the remainder when 31 is divided by j?
9
Let o(u) = 4 + 2 + 7*u**2 - u**3 - 8 + 1. Suppose 7*t - 5*t = 48. What is the remainder when o(4) is divided by t?
23
Calculate the remainder when 4 + 6 - -168 - 2/(-2) is divided by 174.
5
Let i = 3106 + -2564. Calculate the remainder when i is divided by 259.
24
Let p = 28977 + -15331. Calculate the remainder when (-52)/(-546) + p/42 is divided by 8.
5
What is the remainder when 163 is divided by 107/((-6)/(-84)*14)?
56
Let u = 29 - 53. Let y = u + 40. Calculate the remainder when ((-27)/(-6))/((-66)/(-1144)) is divided by y.
14
Suppose -19*b - 10*b + 0*b = -174. Let c(j) = 19*j**2 + j - 1. Calculate the remainder when c(1) is divided by b.
1
Let d = 3731 - 1351. What is the remainder when d is divided by 344?
316
Let l = 57 - 55. Let q be (-7 - -3)/(12/7 - l). Suppose -10*k - 452 = -q*k. What is the remainder when k is divided by 29?
26
Let n(j) = -3*j + 5. Suppose -51*v + 33*v + 61*v = 5074. Calculate the remainder when v is divided by n(-5).
18
Let p = -6080 + 6147. What is the remainder when 1711 is divided by p?
36
Suppose 442 + 427 = 100*q - 831. Suppose -78 = i - 2*i - b, 4*i + 3*b - 316 = 0. Let o = i - 40. What is the remainder when o is divided by q?
8
Suppose -69*t - 5*t = -2442. What is the remainder when t is divided by 7?
5
Suppose 2*a - 5*a = 5*c - 387, 369 = 3*a - c. What is the remainder when a is divided by (-2)/5 - 1230/(-75)?
12
Let k(y) = 8*y**2 - 117*y - 1544. Calculate the remainder when k(-15) is divided by 40.
11
Let f = -11 + -1. Let v = f + 21. Suppose 4*j = -3*n + 106, 0 = -252*n + 251*n - 3*j + 32. Calculate the remainder when n is divided by v.
2
Let k be -35*(0 + (5 - 6)). Suppose 0 = -k*j + 13*j + 220. Calculate the remainder when 89 is divided by j.
9
Let j(t) = 13*t**2 + 13 + 10*t + 17*t**2 - 40*t**2 + 17*t**2. Calculate the remainder when j(-3) is divided by 6.
4
Let n = 7480 + -7357. Calculate the remainder when 476 is divided by n.
107
Suppose 38 = 23*n - 21*n. Suppose a + 4*o = 30, 20*a - n*a - 2 = 3*o. Calculate the remainder when 87 is divided by a.
3
Suppose -8*w + 24 = -4*w. Suppose -w*a + 364 = -2*a. What is the remainder when a is divided by -2 + 245/(0 - -5)?
44
Let o(r) = -r**3 - 17*r**2 - 16*r + 7. Let l be o(-16). Suppose 0 = 6*x + 2*x - l*x. Suppose 6*i - 451 + 103 = x. What is the remainder when i is divided by 15?
13
Let w = 1208 - 1200. Suppose 0 = 8*s + 2 - 10. What is the remainder when w is divided by s?
0
Suppose -10 = -2*m, 2*g - g - 66 = -2*m. Let r(n) = 3*n**2 - 3*n - 3. What is the remainder when g is divided by r(-2)?
11
Suppose -28 = 20*r - 13*r. Let k be 27/r*(26 + -22). Let x = 43 + k. Calculate the remainder when 30 is divided by x.
14
Let u = -127 - -235. Let m(f) = -3*f**2 + 25*f + 22. Let s be m(9). Suppose -s*l - 9 = -h, 5*h - h + 2*l = u. Calculate the remainder when h is divided by 4.
1
Let p(f) = -17*f + 27*f - 86 + 15*f - 4*f**2 + 77. Let w be p(6). Let m(o) = 5*o**2 + 8*o + 25. Calculate the remainder when m(w) is divided by 24.
22
Suppose 0 = -10*k - 344 - 96. Let o = -39 - k. Calculate the remainder when 26 is divided by ((-6)/(-8))/((-59)/12 + o).
8
Suppose -s = 5*t - 113, -14*s = -13*s - 2*t - 106. Suppose -112 = -5*n + 2*h, -10*n - 3*h = -6*n - s. What is the remainder when n is divided by 14?
10
Suppose 445*d = 499*d - 1026. What is the remainder when 1842 is divided by d?
18
Suppose -22*s + 6*s + 512 = 0. Calculate the remainder when s/80 - (14012/(-10))